pose 2*k - 7 = 7. Suppose 305 = -2*z + k*z. List the prime factors of z.
61
Suppose 0*f = 5*f + 4*r - 32, -f - 4*r + 16 = 0. Suppose -f*w + 41 + 119 = 0. List the prime factors of w.
2, 5
Suppose 4*w + 0*o = 5*o + 1765, -3*w = -4*o - 1325. Suppose 202*q = 205*q - w. List the prime factors of q.
5, 29
Suppose -26*q - 8 = -28*q, -5*f + 15038 = -3*q. List the prime factors of f.
2, 5, 7, 43
Let n(b) = 11*b + 1. Let d be n(2). Suppose 4*m - 3*m = -2*u - 5, 5*m = 2*u + d. What are the prime factors of (m - (-2 - 2))*1?
7
Let l(j) = -j**2 - 14*j - 13. Suppose 4*y = 20*y + 96. List the prime factors of l(y).
5, 7
Let g(v) = v - 5. Let t be g(3). Let b(n) = n**3 + 3*n**2 + 2. Let m be b(t). Suppose m*a = -a + 77. What are the prime factors of a?
11
Let m = -1081 + 1611. List the prime factors of m.
2, 5, 53
Let i(s) = -s**3 + 6*s**2 + 3*s - 2. Let x(n) = -6*n**3 + 29*n**2 + 16*n - 11. Let m(d) = 11*i(d) - 2*x(d). List the prime factors of m(-6).
2, 3, 11
Let k = 6597 - 3506. List the prime factors of k.
11, 281
Suppose -5*f - 5*g + 235 = 0, -5*f - 5*g + 4*g = -243. Suppose 3*x = 32 + f. List the prime factors of x.
3
Let o = 227 + -136. Suppose -65 = -92*m + o*m. What are the prime factors of m?
5, 13
Suppose -13*c + 15023 = -3398. List the prime factors of c.
13, 109
Suppose 40 + 260 = 5*m. Let g = m - 33. What are the prime factors of -4*(-4)/(16/g)?
3
Suppose -6553*p + 10510 = -6548*p. What are the prime factors of p?
2, 1051
Let f = 25 - 21. Suppose -b + 2*l = 1 + 4, -2*l = -5*b + 15. Suppose -f*j = -5*w + 48, b*w + 14 = 6*w - 3*j. What are the prime factors of w?
2
Let r(x) = -110*x - 86. List the prime factors of r(-5).
2, 29
Suppose 2*g + 5*p = 42 - 14, -5*g - 5*p = -40. Suppose -o + g*n + 28 = 0, n + 3*n = -2*o - 4. What are the prime factors of o?
2
What are the prime factors of 10 - 48/8 - -1359?
29, 47
What are the prime factors of ((-1050)/56)/(1/(-72))?
2, 3, 5
Suppose 0 = 10*n - 1892 + 652. List the prime factors of n.
2, 31
Let l = -91 + 214. Suppose -2*d = 3*d + k - 591, d - l = -5*k. List the prime factors of d.
2, 59
Let c be -2*(-3 - -1)/4. Let k be (7/3)/(c/(-3)). Let f(z) = z**2 + 3*z - 9. What are the prime factors of f(k)?
19
Let i(b) = -b**3 - 14*b**2 - 10*b - 3. Let x be i(-9). Let y = -74 - x. Suppose l = 2*z + 60 + 1, -4*l + z + y = 0. What are the prime factors of l?
61
Let z(n) = -705*n - 3. Let q be z(-1). Suppose -17*c + q = -14*c. List the prime factors of c.
2, 3, 13
Suppose 2*v = -4*z + 1444, -2*v + 683 + 747 = -3*z. What are the prime factors of v?
2, 359
Suppose -5*s + 1812 = 4*g, s = -6 + 2. List the prime factors of g.
2, 229
Let h(s) = s**2 + 7*s - 3. Let y(u) = -u**3 - 13*u**2 + 2*u + 19. Let d be y(-13). Let v be h(d). What are the prime factors of -1 + -1 + 11 + v?
2, 3
Let p = -1891 - -2360. What are the prime factors of p?
7, 67
Suppose 0 = 5*d + 4*u - 24400, 5*d - 5*u - 24400 = -3*u. What are the prime factors of d?
2, 5, 61
Suppose -18 = 4*d + 3*b - 0, -3*b = -2*d. What are the prime factors of -1*(-3 - (d - -133))?
7, 19
Let s(i) = -99*i - 135. List the prime factors of s(-9).
2, 3, 7
Suppose -2*h - 3*l = -11116, 0 = -4*h + 48*l - 45*l + 22232. List the prime factors of h.
2, 7, 397
Suppose -3*t + 4*m + 5704 = 0, -t - 4*m = -8*m - 1896. List the prime factors of t.
2, 7, 17
Let w(y) = 144*y + 116. What are the prime factors of w(5)?
2, 11, 19
Let o(u) = -u**2 - 15*u - 14. Let b be o(-14). Suppose 3*c - 5*j - 317 = b, -5*j - 14 = c - 133. List the prime factors of c.
109
Suppose 0 = 3*s - 1504 - 1949. List the prime factors of s.
1151
Suppose 2*x - 3*x + 2 = j, -5*x - 3*j = -6. Let d be 116 - -3*(-14)/(-6). Suppose x = -0*z - 3*z + d. What are the prime factors of z?
41
Suppose 2*q + b = 201, -4*b - 67 - 129 = -2*q. Suppose 31 - q = -m. What are the prime factors of m?
3, 23
Suppose -2*t - 14263 = -3*r, t = -2*r + 1550 + 7961. List the prime factors of r.
3, 5, 317
Let d(j) = j + 18. Let c be d(-12). List the prime factors of (330/5)/(2/c) + -2.
2, 7
List the prime factors of ((-2241)/(-36))/((-6)/(-16)).
2, 83
List the prime factors of (-2448 - -24)*4/(-3).
2, 101
What are the prime factors of 988 - (3 - -3) - -11?
3, 331
Let q = 7 - 7. Suppose 4*y = -q*y. Suppose y = -2*k - 1 + 111. What are the prime factors of k?
5, 11
Suppose -2*v + b + 13 = -0, b = -2*v + 3. Let x(r) = v*r**2 - r**3 + 0*r**2 + 8 - 14 + 3*r**2 + 4*r. List the prime factors of x(7).
2, 11
Let n be 27547/65 - (-4)/(-5). Suppose n = -2*l + 11*l. What are the prime factors of l?
47
Suppose 0 = -2*c - 2 - 12. Let p(d) = -d**3 - 7*d**2 - d - 4. Let a be p(c). Suppose -41 = -a*o - 2. List the prime factors of o.
13
Suppose -2*l + 2 = -s, s = -0*s + 4*l + 8. Let a = s + 15. Let y = 43 - a. What are the prime factors of y?
2, 5
Let s(d) = 2*d**2 - 11*d + 6. List the prime factors of s(-7).
181
Let m(l) = -3*l**3 + 38*l**2 + 28*l - 5. Let s(d) = -d**3 + 13*d**2 + 9*d - 2. Let p(h) = 3*m(h) - 8*s(h). List the prime factors of p(11).
2, 3
Suppose -3*a + z + 12672 = 0, 3*a + 28*z - 32*z = 12672. List the prime factors of a.
2, 3, 11
Let g(x) = -5*x + 6. Let c be g(1). Let l(i) = i + 10. Let p be l(-5). What are the prime factors of 7*c*(1 + p)?
2, 3, 7
Suppose 2*b - 4 + 10 = 0. Let p be 2 + (0 - (-6)/(-3)). What are the prime factors of (b - -2) + p - -33?
2
Suppose a = 4*a + 9. Let u be (-2 - a)/(1/7). Let j(h) = 3*h - 1. What are the prime factors of j(u)?
2, 5
Let i(x) = -x**2 + 7*x + 8. Let u be i(8). Let y be 1 + 4 + 0 - 3. Suppose -3*w + 5*f + 58 = u, 0*f = f + y. List the prime factors of w.
2
Let m = 22 - 34. Suppose -p = -5*n - 49, 5*p - n - 164 = -3*n. Let q = m + p. List the prime factors of q.
2, 11
Let b(r) = 321*r - 10. Let l be b(-5). What are the prime factors of (12/9)/4 - l/15?
2, 3
Let c = 11 + -8. Suppose -3*v = c*m - 33, 5*m + v - 6*v - 15 = 0. What are the prime factors of m?
7
Let t = 106 + 72. List the prime factors of t.
2, 89
Let x be (-3 - -5)*(-2181)/(-6). Suppose -11*v + 2982 = x. What are the prime factors of v?
5, 41
Suppose 2*f + 2*f + 4*p + 8 = 0, -5*f = -2*p - 25. Suppose n - 2 + 0 = 0. Suppose 4*c = -z + 9, n*c - 2*z - 21 = f*z. What are the prime factors of c?
3
What are the prime factors of (29671/9 - 2) + (-66)/(-297)?
5, 659
Let c be (-69 + -12)/(-1 - -2). What are the prime factors of c/(-3) - (2 - 1)?
2, 13
Suppose -6*b - 6980 = -26*b. What are the prime factors of b?
349
Let r(o) = -o**3 - 15*o**2 - 10*o + 20. Let g be r(-15). Suppose -g = -5*i - 0*i. What are the prime factors of i?
2, 17
Suppose -3 = -4*b - 3. Let c(a) = 2*a**2 + a + 29. What are the prime factors of c(b)?
29
Let s = 6 - -2. Let v = s + -4. Suppose 4*j - 2*d = d + 93, v*d + 34 = 2*j. What are the prime factors of j?
3
Let r = 2 - -7. Suppose 3*c = -r*c + 1608. List the prime factors of c.
2, 67
Let r = 1962 - 932. List the prime factors of r.
2, 5, 103
Suppose 28*p = 48*p - 40300. List the prime factors of p.
5, 13, 31
Suppose 2*c - 4 = -0*c. Let b be (17 - -7) + c + -1. Let n = b + -18. What are the prime factors of n?
7
Let k(v) be the third derivative of v**6/120 - 7*v**5/20 + 4*v**4/3 - 49*v**3/6 + 19*v**2. What are the prime factors of k(20)?
191
Suppose 0 = 8*j - 0 + 8. Let t(k) = 67*k**2 + 6*k + 4. List the prime factors of t(j).
5, 13
Suppose m + 8 = 5*m. Let a(f) = f**2 + 0*f**2 - 5 + 13 + 5*f + 0*f**m. What are the prime factors of a(-6)?
2, 7
Suppose 0*y + y = -35. What are the prime factors of (y/(-10))/(4/152)?
7, 19
List the prime factors of 3 + (-7)/(14/(-1516)).
761
Let v = -10 + 16. Suppose 0*r - v = -3*r. What are the prime factors of 0 + r + 3/1?
5
Let g(d) = 128*d + 168. What are the prime factors of g(10)?
2, 181
Let w = 11 - 7. Suppose -4*g + 2 = -18. Suppose -3*l + 59 = g*d, -d + w = -l - 3. List the prime factors of d.
2, 5
Let f = -8 + 20. Suppose -5*b + 2*b = -f. Suppose b*s - 29 + 5 = 0. What are the prime factors of s?
2, 3
Let f = 0 - -12. Let b(a) = a**2 + 8*a + 12. Let z be b(-8). Suppose -f = -3*l + z. What are the prime factors of l?
2
What are the prime factors of (-3 - 1 - -6) + (-246)/(-2)?
5
Let h(w) = -w**2 + 14*w + 4. Let z be h(14). Suppose 0 = -5*g - z*q + 136, -3*g - 2*q + 85 = -3*q. List the prime factors of g.
2, 7
Let g(r) = 7*r - 17. Let l be g(-12). Let n = l + 182. Suppose -3*h + n = -